 9099706?
2, 7, 11, 37, 1597
List the prime factors of 961370.
2, 5, 96137
List the prime factors of 200641.
7, 28663
What are the prime factors of 13909258?
2, 11, 157, 4027
What are the prime factors of 324990?
2, 3, 5, 23, 157
List the prime factors of 482500.
2, 5, 193
What are the prime factors of 102313?
101, 1013
List the prime factors of 9579776.
2, 23, 1627
What are the prime factors of 1293723?
3, 31, 4637
What are the prime factors of 468304?
2, 29269
What are the prime factors of 183257?
401, 457
List the prime factors of 500576.
2, 15643
What are the prime factors of 4368178?
2, 2184089
List the prime factors of 11984529.
3, 3994843
List the prime factors of 27500.
2, 5, 11
What are the prime factors of 321404?
2, 19, 4229
List the prime factors of 1030206.
2, 3, 103, 1667
List the prime factors of 462482.
2, 231241
What are the prime factors of 3823281?
3, 7, 11, 613
List the prime factors of 3106495.
5, 7, 17, 23, 227
List the prime factors of 3950683.
11, 359153
What are the prime factors of 296326?
2, 229, 647
List the prime factors of 1638526.
2, 819263
What are the prime factors of 288191?
288191
List the prime factors of 891871.
17, 23, 2281
What are the prime factors of 337075?
5, 97, 139
What are the prime factors of 6938164?
2, 59, 29399
List the prime factors of 300827.
19, 71, 223
List the prime factors of 1683209.
11, 23, 6653
What are the prime factors of 61241?
47, 1303
List the prime factors of 5179994.
2, 97, 26701
What are the prime factors of 94726?
2, 47363
What are the prime factors of 278446?
2, 7, 19889
What are the prime factors of 1748142?
2, 3, 11, 109
What are the prime factors of 10101370?
2, 5, 23, 37, 1187
List the prime factors of 397744.
2, 24859
What are the prime factors of 387800?
2, 5, 7, 277
What are the prime factors of 9452032?
2, 18461
What are the prime factors of 1696236?
2, 3, 141353
What are the prime factors of 254244?
2, 3, 21187
List the prime factors of 131678.
2, 65839
List the prime factors of 330818.
2, 251, 659
What are the prime factors of 642516?
2, 3, 7, 7649
List the prime factors of 160643.
7, 53, 433
List the prime factors of 235374.
2, 3, 39229
What are the prime factors of 2107848?
2, 3, 71, 1237
List the prime factors of 1273046.
2, 31, 20533
List the prime factors of 5402655.
3, 5, 211, 569
List the prime factors of 7230823.
1327, 5449
List the prime factors of 11462.
2, 11, 521
List the prime factors of 77492.
2, 19373
List the prime factors of 142993.
142993
List the prime factors of 9290518.
2, 41, 137, 827
List the prime factors of 889959.
3, 7, 42379
What are the prime factors of 1838425?
5, 151, 487
What are the prime factors of 734863?
19, 38677
What are the prime factors of 636595?
5, 19, 6701
What are the prime factors of 712770?
2, 3, 5, 23, 1033
What are the prime factors of 8741967?
3, 13, 224153
List the prime factors of 765965.
5, 307, 499
What are the prime factors of 18662598?
2, 3, 19, 197, 277
What are the prime factors of 3250145?
5, 17, 38237
What are the prime factors of 936459?
3, 67, 1553
List the prime factors of 5276215.
5, 7, 127, 1187
What are the prime factors of 239117?
487, 491
What are the prime factors of 3169566?
2, 3, 176087
What are the prime factors of 488266?
2, 241, 1013
List the prime factors of 467743.
467743
List the prime factors of 716878.
2, 53, 6763
List the prime factors of 634746.
2, 3, 7, 17, 127
List the prime factors of 92519.
7, 13217
List the prime factors of 309212.
2, 23, 3361
List the prime factors of 46769.
46769
List the prime factors of 11276066.
2, 17, 41, 8089
What are the prime factors of 357516?
2, 3, 9931
List the prime factors of 473434.
2, 13, 131, 139
What are the prime factors of 953354?
2, 179, 2663
List the prime factors of 2251751.
113, 19927
What are the prime factors of 23057466?
2, 3, 1427, 2693
List the prime factors of 241665.
3, 5, 16111
List the prime factors of 31737905.
5, 103, 61627
What are the prime factors of 4868530?
2, 5, 593, 821
List the prime factors of 9814423.
17, 167, 3457
List the prime factors of 1235693.
877, 1409
What are the prime factors of 25195?
5, 5039
List the prime factors of 17470081.
31, 563551
List the prime factors of 1706348.
2, 7, 149, 409
List the prime factors of 5566880.
2, 5, 11, 3163
What are the prime factors of 17454157?
7, 947, 2633
What are the prime factors of 250078?
2, 19, 6581
List the prime factors of 67315.
5, 13463
What are the prime factors of 2112146?
2, 1056073
What are the prime factors of 2005761?
3, 23, 41, 709
List the prime factors of 2421548.
2, 17, 149, 239
List the prime factors of 714664.
2, 157, 569
What are the prime factors of 1392554?
2, 149, 4673
List the prime factors of 2439225.
3, 5, 37, 293
What are the prime factors of 4511733?
3, 29, 51859
List the prime factors of 2031516.
2, 3, 56431
What are the prime factors of 25528682?
2, 379, 33679
List the prime factors of 37971888.
2, 3, 791081
What are the prime factors of 105009?
3, 17, 29, 71
List the prime factors of 557259.
3, 185753
List the prime factors of 456649.
456649
What are the prime factors of 19139514?
2, 3, 907, 3517
What are the prime factors of 2004087?
3, 668029
List the prime factors of 1174291.
631, 1861
What are the prime factors of 1333145?
5, 11, 24239
List the prime factors of 5999.
7, 857
What are the prime factors of 18978485?
5, 3795697
What are the prime factors of 3326?
2, 1663
What are the prime factors of 281157?
3, 93719
What are the prime factors of 1662759?
3, 7, 26393
List the prime factors of 982408.
2, 7, 53, 331
What are the prime factors of 378828?
2, 3, 17, 619
List the prime factors of 3461781.
3, 19, 60733
List the prime factors of 270435.
3, 5, 11, 149
List the prime factors of 9122193.
3, 337859
List the prime factors of 24030626.
2, 463, 25951
List the prime factors of 5046736.
2, 315421
List the prime factors of 5282941.
47, 112403
List the prime factors of 6099149.
7, 757, 1151
What are the prime factors of 3150629?
293, 10753
What are the prime factors of 2359411?
29, 81359
List the prime factors of 14209934.
2, 7104967
List the prime factors of 7244605.
5, 19, 76259
List the prime factors of 618678.
2, 3, 19, 67
List the prime factors of 130131.
3, 19, 761
What are the prime factors of 830621?
11, 75511
List the prime factors of 795152.
2, 49697
List the prime factors of 3234197.
3234197
List the prime factors of 15050772.
2, 3, 11, 41, 103
What are the prime factors of 114678?
2, 3, 23, 277
What are the prime factors of 350498?
2, 173, 1013
List the prime factors of 390811.
19, 67, 307
List the prime factors of 112597.
109, 1033
What are the prime factors of 1542401?
7, 19, 11597
List the prime factors of 105291.
3, 11699
List the prime factors of 4762953.
3, 13, 40709
What are the prime factors of 101508?
2, 3, 11, 769
What are the prime factors of 931130?
2, 5, 93113
What are the prime factors of 4779511?
11, 434501
List the prime factors of 2010731.
317, 6343
List the prime factors of 25270588.
2, 7, 902521
List the prime factors of 24515115.
3, 5, 1634341
What are the prime factors of 1063608?
2, 3, 7, 13, 487
List the prime factors of 3553087.
3553087
List the prime factors of 1094586.
2, 3, 182431
What are the prime factors of 25305308?
2, 7, 903761
List the prime factors of 1811231.
17, 106543
List the prime factors of 666158.
2, 83, 4013
What are the prime factors of 800428?
2, 17, 79, 149
List the prime factors of 5769932.
2, 7, 206069
What are the prime factors of 4483976?
2, 7, 80071
What are the prime factors of 903?
3, 7, 43
List the prime factors of 310379.
310379
List the prime factors of 4795228.
2, 53, 22619
What are the prime factors of 143795?
5, 28759
List the prime factors of 37034803.
13, 2848831
List the prime factors of 12026288.
2, 751643
What are the prime factors of 2095955?
5, 419191
List the prime factors of 1730504.
2, 199, 1087
What are the prime factors of 795748?
2, 198937
What are the prime factors of 425411?
7, 60773
List the prime factors of 159466.
2, 71, 1123
What are the prime factors of 4203967?
4203967
List the prime factors of 3558483.
3, 113, 3499
List the prime factors of 310290.
2, 3, 5, 10343
What are the prime factors of 41017?
41017
List the prime factors of 8444396.
2, 47, 44917
